
Let g(n) = -15*n - 125. Let u be g(-9). Calculate the highest common divisor of 7240 and u.
10
Let o(l) = l**3 + 9*l**2 - 18*l + 9. Let x be o(-8). What is the highest common factor of 93 and x?
31
Suppose -5*g + b = -81, 3*g + 8*b - 3*b = 43. Suppose -w - g + 22 = 0. Suppose -2*i + 103 = m + w, 2*i - 2 = 0. What is the highest common divisor of m and 19?
19
Suppose 231*x = 192*x + 1989. Let u = 199 + -80. Calculate the greatest common factor of u and x.
17
Let s be ((-14)/(-35))/(2/(160 + 0)). Suppose -840 = 2*n + 12*n. Let g = n + 62. Calculate the highest common divisor of g and s.
2
Let n(m) = 69*m - 244. Let u be n(4). Calculate the highest common divisor of 4416 and u.
32
Let w be 20043/21 + 8 + 4/7. Calculate the highest common factor of w and 535.
107
Suppose 53*w - 802 = 4604. Calculate the greatest common divisor of w and 238.
34
Let k(m) = 5*m**2 - m - 1. Let l be k(-2). Suppose w = -18*w. Suppose l*i - 25*i + 12 = w. Calculate the highest common factor of i and 9.
3
Let b = 1177 - 1081. Let z = 2 - -1. Suppose 371 = z*m - 61. Calculate the highest common factor of b and m.
48
Suppose -5*v + 52685 = 5*v + 845. Calculate the greatest common factor of 72 and v.
72
Suppose 283 = -22*x + 26*x + 3*v, 3*v + 9 = 0. Suppose -x*g + 82*g = 405. What is the greatest common factor of g and 60?
15
Let o(d) = d**2 - 8*d - 521. Let m be o(-41). What is the highest common factor of m and 240?
48
Let u = -66 + 209. Let v = -141 + u. Calculate the greatest common factor of v and 11.
1
Let s(n) = 9*n - 1. Let j be s(1). Suppose -120 = -6*c - 4*u, 4*u = -c + 10 + 10. Calculate the greatest common divisor of j and c.
4
Let j = 73 - 31. Suppose -2*r + 8 = 0, 4*o + 2*r + 3*r - 24 = 0. Let y = o - -5. Calculate the highest common factor of j and y.
6
Suppose h - 5*t + 1555 = 6*h, 2*t + 1548 = 5*h. Let m = 312 - h. What is the highest common divisor of 11 and m?
1
Let m be 2203715/209 - (-3)/(-33). Calculate the highest common divisor of 24 and m.
8
Let o(g) = 7*g**3 - 188*g**2 - 23*g + 74. Let p be o(27). Let q = 29 - 15. What is the highest common factor of p and q?
14
Let w be ((-10)/4)/(-5)*(143 - 131) - -27272. What is the highest common divisor of 46 and w?
46
Let h = 3044 - 3002. What is the greatest common factor of 1834 and h?
14
Suppose -m = -53 - 51. Let k(c) = -c - 71. Let i be k(-16). Let d = 68 + i. What is the greatest common factor of d and m?
13
Suppose -3*l + 236 = -0*l + 5*y, -158 = -2*l - 4*y. Let m = 88 - 77. What is the greatest common divisor of m and l?
11
Let p be 15/(-20)*(-160)/12. Let t be 3/p - (-4473)/90. What is the greatest common factor of t and 350?
50
Suppose 9*i - 357 = 2064. Let t = i + -208. Calculate the highest common factor of t and 61.
61
Let g be ((-12)/(-2) - -1) + -36 + 941. Calculate the greatest common factor of g and 1539.
57
Suppose -45*u + 94*u + 4675 = 54*u. What is the greatest common factor of u and 495?
55
Let b(n) = 0*n**2 + 5*n + 4*n**2 - 3*n**2 + 6 - 8. Let f be 1 + (3 + -1)*-4. Let d be b(f). Calculate the highest common divisor of 108 and d.
12
Suppose q = 5*z - 65, 7*q = -3*z + 4*q + 57. Let t(n) = -2*n**2 + 60*n - 302. Let c be t(20). Calculate the greatest common divisor of c and z.
14
Let h(i) = 2*i - 14. Let m(f) = 2*f - 1. Let o be m(5). Let w be h(o). Suppose -93 - 271 = -w*y. Calculate the highest common divisor of 13 and y.
13
Let m(s) = 2*s**2 + 62*s - 801. Let c be m(-43). What is the highest common divisor of 297 and c?
33
Let s be (-4359)/21 - (-2 + (-30)/(-21)). Let k be (-6 - s/12)/((-12)/(-416)). What is the highest common divisor of k and 156?
78
Let b = 152 - -870. Calculate the highest common factor of b and 21.
7
Let r = -244 + 695. Let j(l) = -l + 41. Suppose 10*w = 12*w. Let n be j(w). Calculate the greatest common divisor of r and n.
41
Let f = 1377 + -161. What is the highest common divisor of 64 and f?
64
Let j = 3358 + -2807. Calculate the greatest common divisor of j and 29.
29
Suppose -16*i = -50 - 62. Suppose 5*t = 2*t + 672. What is the highest common divisor of t and i?
7
Let m(u) = u**3 + 5*u**2 + 2*u + 9. Let n be m(-5). Let t be ((-3)/(-2) - n)*(-5 - -7). Calculate the greatest common divisor of 95 and t.
5
Let f = -148 + 96. Let w = f - -69. What is the greatest common divisor of w and 17?
17
Let k(h) = -50*h + 224. Let y be k(-37). Calculate the greatest common factor of y and 34.
34
Suppose d = -13*d - 2576. Let b = d + 1288. Suppose -2*z = 6*z - b. Calculate the greatest common divisor of z and 92.
46
Let c = 116 - 74. Let l be ((-147)/c)/((-2)/12). Suppose 567 = 3*o - 0*o. Calculate the greatest common divisor of o and l.
21
Let p = 506 - 520. Suppose 0*n = 5*n + 55. Let y = n - p. Calculate the greatest common divisor of y and 3.
3
Suppose -4*u - 4*y = -7 - 1, -4*u + 9 = 3*y. Suppose -u = -5*q - 2*s, 0 = -5*q + 3*s + 4 + 4. Calculate the highest common factor of 1 and q.
1
Suppose 0 = -5*i - 4*r + 3938, 2*r - 6270 = 24*i - 32*i. What is the greatest common divisor of i and 34?
34
Suppose 274666 = 2259*s - 2236*s. What is the highest common factor of 42 and s?
14
Let s(a) = 7*a + 14. Let q be s(26). Suppose 13*h - 9*h = q. Let i(t) = -t**2 + 16*t + 7. Let r be i(16). What is the greatest common factor of r and h?
7
Suppose 0 = -q + 5*l + 30, 7*q - 15 = 2*q - 2*l. Suppose 19 = -q*o + 99. Let p(g) = -16*g - 132. Let i be p(-9). What is the greatest common factor of i and o?
4
Let v(l) = 14*l**2 + 299*l - 28. Let f be v(-25). What is the greatest common factor of f and 817?
43
Let y be 2436/29*(-8)/(-3). Suppose -5*h - 4*l = -30, -3*h = -h + 2*l - 12. Suppose -3*c - 84 = -h*c. Calculate the highest common factor of y and c.
28
Let m(l) = 2*l**2 + 2*l - 4. Let w be m(4). Let p(o) = -12*o**3 + o**2 - 2*o + 2. Let y be p(2). Let q = 121 + y. What is the greatest common factor of w and q?
9
Suppose 474 = -15*i + 17*i - 3*t, 4*i = 2*t + 956. Calculate the highest common divisor of i and 3840.
240
Let h be -126*((-5)/1 - -9 - 64/12). What is the greatest common factor of h and 16?
8
Let v(q) be the third derivative of -q**5/60 + 3*q**4/2 - 79*q**3/3 + 292*q**2. Let p be v(17). What is the greatest common factor of 60 and p?
15
Let f = 2510 + 234. Calculate the highest common divisor of 8 and f.
8
Suppose 0 = 3*l + 5*y - 1311, 4*y = 6*l - 11*l + 2198. Suppose 22*q = 5*q + l. What is the highest common factor of 832 and q?
26
Let m = -24 - -24. Suppose 3*q + 3*q - 12 = m. Suppose -a + 4*g + 0*g + 50 = 0, q*a - 2*g - 70 = 0. Calculate the greatest common divisor of a and 45.
15
Let d(y) = -2*y**3 + 28*y**2 + 32*y - 25. Let v be d(15). Calculate the highest common factor of 645 and v.
5
Let g = -102 + -106. Let f = 217 + g. Calculate the greatest common factor of f and 1.
1
Suppose -5*k = -3*c + 75769, 105320 = 3*c + 3*k + 29591. Calculate the greatest common divisor of c and 96.
96
Let u(n) = -n**3 - 25*n**2 - 47*n - 43. Let d be u(-23). Let j be (-92)/2*(0 - (-230)/d). Calculate the greatest common factor of 23 and j.
23
Let x be 1 + 74/(-4)*-2. Let m(n) = 4*n + 16. Let z be m(-12). Let o = z + x. Calculate the greatest common factor of 30 and o.
6
Suppose -1 - 9 = -2*t. Let d be t*5*72/90. Calculate the highest common factor of d and 180.
20
Let d(b) = b**2 - 24*b + 172. Let m be d(9). What is the highest common divisor of 1961 and m?
37
Let h = 50 + 16. Let m be 22/h + (-16)/(-6). Suppose 2*r - 106 = -4*s - 0*r, -3*s + 75 = m*r. What is the greatest common divisor of 84 and s?
28
Suppose 0 = 3*k + 3, -15 = 9*s - 11*s - k. Suppose 9*n - s*n - 719 = -5*q, -3*q - 2*n = -430. What is the highest common factor of 324 and q?
36
Suppose 0 = -15*c + 11*c - 160. Let b = c + 65. Calculate the greatest common divisor of b and 30.
5
Suppose 0*o - 1325 = -2*l - 3*o, -2*l = -3*o - 1343. Let h be (17/34)/(-3 + l/222). Calculate the highest common factor of 37 and h.
37
Let v(s) = 2*s - 1. Let f(k) = 17*k - 4. Let l(j) = -f(j) + 5*v(j). Let y be l(-5). What is the greatest common factor of 119 and y?
17
Suppose -55*o + 1306 + 1944 = -1370. What is the greatest common divisor of 6132 and o?
84
Let w(s) = 340*s + 4430. Let o be w(-8). Calculate the greatest common factor of 190 and o.
190
Let s(v) = -5*v**2 - 62*v + 1. Let d be s(-5). What is the greatest common divisor of 246 and 